[INFO] cloning repository https://github.com/bilibiliGO283/rust_base
[INFO] running `Command { std: "git" "-c" "credential.helper=" "-c" "credential.helper=/workspace/cargo-home/bin/git-credential-null" "clone" "--bare" "https://github.com/bilibiliGO283/rust_base" "/workspace/cache/git-repos/https%3A%2F%2Fgithub.com%2FbilibiliGO283%2Frust_base", kill_on_drop: false }`
[INFO] [stderr] Cloning into bare repository '/workspace/cache/git-repos/https%3A%2F%2Fgithub.com%2FbilibiliGO283%2Frust_base'...
[INFO] running `Command { std: "git" "rev-parse" "HEAD", kill_on_drop: false }`
[INFO] [stdout] 88902de8954f282f76f1dd923f2545daac6107b5
[INFO] checking bilibiliGO283/rust_base against master#9610dfe5a9a731ced1ea4923ecbd0c57fe367898 for beta-170-4
[INFO] running `Command { std: "git" "clone" "/workspace/cache/git-repos/https%3A%2F%2Fgithub.com%2FbilibiliGO283%2Frust_base" "/workspace/builds/worker-6-tc1/source", kill_on_drop: false }`
[INFO] [stderr] Cloning into '/workspace/builds/worker-6-tc1/source'...
[INFO] [stderr] done.
[INFO] validating manifest of git repo https://github.com/bilibiliGO283/rust_base on toolchain 9610dfe5a9a731ced1ea4923ecbd0c57fe367898
[INFO] running `Command { std: CARGO_HOME="/workspace/cargo-home" RUSTUP_HOME="/workspace/rustup-home" "/workspace/cargo-home/bin/cargo" "+9610dfe5a9a731ced1ea4923ecbd0c57fe367898" "metadata" "--manifest-path" "Cargo.toml" "--no-deps", kill_on_drop: false }`
[INFO] started tweaking git repo https://github.com/bilibiliGO283/rust_base
[INFO] finished tweaking git repo https://github.com/bilibiliGO283/rust_base
[INFO] tweaked toml for git repo https://github.com/bilibiliGO283/rust_base written to /workspace/builds/worker-6-tc1/source/Cargo.toml
[INFO] crate git repo https://github.com/bilibiliGO283/rust_base already has a lockfile, it will not be regenerated
[INFO] running `Command { std: CARGO_HOME="/workspace/cargo-home" RUSTUP_HOME="/workspace/rustup-home" "/workspace/cargo-home/bin/cargo" "+9610dfe5a9a731ced1ea4923ecbd0c57fe367898" "fetch" "--manifest-path" "Cargo.toml", kill_on_drop: false }`
[INFO] running `Command { std: "docker" "create" "-v" "/var/lib/crater-agent-workspace/builds/worker-6-tc1/target:/opt/rustwide/target:rw,Z" "-v" "/var/lib/crater-agent-workspace/builds/worker-6-tc1/source:/opt/rustwide/workdir:ro,Z" "-v" "/var/lib/crater-agent-workspace/cargo-home:/opt/rustwide/cargo-home:ro,Z" "-v" "/var/lib/crater-agent-workspace/rustup-home:/opt/rustwide/rustup-home:ro,Z" "-e" "SOURCE_DIR=/opt/rustwide/workdir" "-e" "CARGO_TARGET_DIR=/opt/rustwide/target" "-e" "CARGO_HOME=/opt/rustwide/cargo-home" "-e" "RUSTUP_HOME=/opt/rustwide/rustup-home" "-w" "/opt/rustwide/workdir" "-m" "1610612736" "--user" "0:0" "--network" "none" "ghcr.io/rust-lang/crates-build-env/linux@sha256:19e73879b68f455e41552ea35293514db52ea292d993f571636dbffedb77a1ee" "/opt/rustwide/cargo-home/bin/cargo" "+9610dfe5a9a731ced1ea4923ecbd0c57fe367898" "metadata" "--no-deps" "--format-version=1", kill_on_drop: false }`
[INFO] [stdout] 71379ab81098cc956d0d9dd4d71214c7906d25eb5f372c1a507a67497dfc7895
[INFO] running `Command { std: "docker" "start" "-a" "71379ab81098cc956d0d9dd4d71214c7906d25eb5f372c1a507a67497dfc7895", kill_on_drop: false }`
[INFO] running `Command { std: "docker" "inspect" "71379ab81098cc956d0d9dd4d71214c7906d25eb5f372c1a507a67497dfc7895", kill_on_drop: false }`
[INFO] running `Command { std: "docker" "rm" "-f" "71379ab81098cc956d0d9dd4d71214c7906d25eb5f372c1a507a67497dfc7895", kill_on_drop: false }`
[INFO] [stdout] 71379ab81098cc956d0d9dd4d71214c7906d25eb5f372c1a507a67497dfc7895
[INFO] running `Command { std: "docker" "create" "-v" "/var/lib/crater-agent-workspace/builds/worker-6-tc1/target:/opt/rustwide/target:rw,Z" "-v" "/var/lib/crater-agent-workspace/builds/worker-6-tc1/source:/opt/rustwide/workdir:ro,Z" "-v" "/var/lib/crater-agent-workspace/cargo-home:/opt/rustwide/cargo-home:ro,Z" "-v" "/var/lib/crater-agent-workspace/rustup-home:/opt/rustwide/rustup-home:ro,Z" "-e" "SOURCE_DIR=/opt/rustwide/workdir" "-e" "CARGO_TARGET_DIR=/opt/rustwide/target" "-e" "CARGO_INCREMENTAL=0" "-e" "RUST_BACKTRACE=full" "-e" "RUSTFLAGS=--cap-lints=forbid" "-e" "RUSTDOCFLAGS=--cap-lints=forbid" "-e" "CARGO_HOME=/opt/rustwide/cargo-home" "-e" "RUSTUP_HOME=/opt/rustwide/rustup-home" "-w" "/opt/rustwide/workdir" "-m" "1610612736" "--user" "0:0" "--network" "none" "ghcr.io/rust-lang/crates-build-env/linux@sha256:19e73879b68f455e41552ea35293514db52ea292d993f571636dbffedb77a1ee" "/opt/rustwide/cargo-home/bin/cargo" "+9610dfe5a9a731ced1ea4923ecbd0c57fe367898" "check" "--frozen" "--all" "--all-targets" "--message-format=json", kill_on_drop: false }`
[INFO] [stdout] 4af654f173cf9b60a95501461e7158b8ed84b48af962432bf7dc8636905882f3
[INFO] running `Command { std: "docker" "start" "-a" "4af654f173cf9b60a95501461e7158b8ed84b48af962432bf7dc8636905882f3", kill_on_drop: false }`
[INFO] [stderr]     Checking rust_base v0.1.0 (/opt/rustwide/workdir)
[INFO] [stdout] error[E0170]: pattern binding `Wait` is named the same as one of the variants of the type `AppState`
[INFO] [stdout]   --> src/main.rs:39:9
[INFO] [stdout]    |
[INFO] [stdout] 39 |         Wait => {}
[INFO] [stdout]    |         ^^^^ help: to match on the variant, qualify the path: `AppState::Wait`
[INFO] [stdout]    |
[INFO] [stdout]    = note: `#[deny(bindings_with_variant_name)]` on by default
[INFO] [stdout] 
[INFO] [stdout] 
[INFO] [stdout] warning: unreachable pattern
[INFO] [stdout]   --> src/main.rs:40:9
[INFO] [stdout]    |
[INFO] [stdout] 39 |         Wait => {}
[INFO] [stdout]    |         ---- matches any value
[INFO] [stdout] 40 |         _ => {
[INFO] [stdout]    |         ^ unreachable pattern
[INFO] [stdout]    |
[INFO] [stdout]    = note: `#[warn(unreachable_patterns)]` on by default
[INFO] [stdout] 
[INFO] [stdout] 
[INFO] [stdout] warning: unused variable: `Wait`
[INFO] [stdout]   --> src/main.rs:39:9
[INFO] [stdout]    |
[INFO] [stdout] 39 |         Wait => {}
[INFO] [stdout]    |         ^^^^ help: if this is intentional, prefix it with an underscore: `_Wait`
[INFO] [stdout]    |
[INFO] [stdout]    = note: `#[warn(unused_variables)]` on by default
[INFO] [stdout] 
[INFO] [stdout] 
[INFO] [stdout] error[E0170]: pattern binding `Wait` is named the same as one of the variants of the type `AppState`
[INFO] [stdout]   --> src/main.rs:39:9
[INFO] [stdout]    |
[INFO] [stdout] 39 |         Wait => {}
[INFO] [stdout]    |         ^^^^ help: to match on the variant, qualify the path: `AppState::Wait`
[INFO] [stdout]    |
[INFO] [stdout]    = note: `#[deny(bindings_with_variant_name)]` on by default
[INFO] [stdout] 
[INFO] [stdout] 
[INFO] [stdout] error[E0170]: pattern binding `Wait` is named the same as one of the variants of the type `AppState`
[INFO] [stdout]   --> src/main.rs:56:9
[INFO] [stdout]    |
[INFO] [stdout] 56 |         Wait => {}
[INFO] [stdout]    |         ^^^^ help: to match on the variant, qualify the path: `AppState::Wait`
[INFO] [stdout] 
[INFO] [stdout] 
[INFO] [stdout] warning: unreachable pattern
[INFO] [stdout]   --> src/main.rs:57:9
[INFO] [stdout]    |
[INFO] [stdout] 56 |         Wait => {}
[INFO] [stdout]    |         ---- matches any value
[INFO] [stdout] 57 |         _ => {
[INFO] [stdout]    |         ^ unreachable pattern
[INFO] [stdout] 
[INFO] [stdout] 
[INFO] [stdout] warning: unused variable: `Wait`
[INFO] [stdout]   --> src/main.rs:56:9
[INFO] [stdout]    |
[INFO] [stdout] 56 |         Wait => {}
[INFO] [stdout]    |         ^^^^ help: if this is intentional, prefix it with an underscore: `_Wait`
[INFO] [stdout] 
[INFO] [stdout] 
[INFO] [stdout] warning: unreachable pattern
[INFO] [stdout]   --> src/main.rs:40:9
[INFO] [stdout]    |
[INFO] [stdout] 39 |         Wait => {}
[INFO] [stdout]    |         ---- matches any value
[INFO] [stdout] 40 |         _ => {
[INFO] [stdout]    |         ^ unreachable pattern
[INFO] [stdout]    |
[INFO] [stdout]    = note: `#[warn(unreachable_patterns)]` on by default
[INFO] [stdout] 
[INFO] [stdout] 
[INFO] [stdout] warning: unused variable: `Wait`
[INFO] [stdout]   --> src/main.rs:39:9
[INFO] [stdout]    |
[INFO] [stdout] 39 |         Wait => {}
[INFO] [stdout]    |         ^^^^ help: if this is intentional, prefix it with an underscore: `_Wait`
[INFO] [stdout]    |
[INFO] [stdout]    = note: `#[warn(unused_variables)]` on by default
[INFO] [stdout] 
[INFO] [stdout] 
[INFO] [stdout] error[E0170]: pattern binding `Wait` is named the same as one of the variants of the type `AppState`
[INFO] [stdout]   --> src/main.rs:73:9
[INFO] [stdout]    |
[INFO] [stdout] 73 |         Wait => {}
[INFO] [stdout]    |         ^^^^ help: to match on the variant, qualify the path: `AppState::Wait`
[INFO] [stdout] 
[INFO] [stdout] 
[INFO] [stdout] warning: unreachable pattern
[INFO] [stdout]   --> src/main.rs:74:9
[INFO] [stdout]    |
[INFO] [stdout] 73 |         Wait => {}
[INFO] [stdout]    |         ---- matches any value
[INFO] [stdout] 74 |         _ => {
[INFO] [stdout]    |         ^ unreachable pattern
[INFO] [stdout] 
[INFO] [stdout] 
[INFO] [stdout] warning: unused variable: `Wait`
[INFO] [stdout]   --> src/main.rs:73:9
[INFO] [stdout]    |
[INFO] [stdout] 73 |         Wait => {}
[INFO] [stdout]    |         ^^^^ help: if this is intentional, prefix it with an underscore: `_Wait`
[INFO] [stdout] 
[INFO] [stdout] 
[INFO] [stdout] error[E0170]: pattern binding `Wait` is named the same as one of the variants of the type `AppState`
[INFO] [stdout]   --> src/main.rs:56:9
[INFO] [stdout]    |
[INFO] [stdout] 56 |         Wait => {}
[INFO] [stdout]    |         ^^^^ help: to match on the variant, qualify the path: `AppState::Wait`
[INFO] [stdout] 
[INFO] [stdout] 
[INFO] [stdout] warning: unreachable pattern
[INFO] [stdout]   --> src/main.rs:57:9
[INFO] [stdout]    |
[INFO] [stdout] 56 |         Wait => {}
[INFO] [stdout]    |         ---- matches any value
[INFO] [stdout] 57 |         _ => {
[INFO] [stdout]    |         ^ unreachable pattern
[INFO] [stdout] 
[INFO] [stdout] 
[INFO] [stdout] warning: unused variable: `Wait`
[INFO] [stdout]   --> src/main.rs:56:9
[INFO] [stdout]    |
[INFO] [stdout] 56 |         Wait => {}
[INFO] [stdout]    |         ^^^^ help: if this is intentional, prefix it with an underscore: `_Wait`
[INFO] [stdout] 
[INFO] [stdout] 
[INFO] [stdout] error[E0170]: pattern binding `Wait` is named the same as one of the variants of the type `AppState`
[INFO] [stdout]   --> src/main.rs:73:9
[INFO] [stdout]    |
[INFO] [stdout] 73 |         Wait => {}
[INFO] [stdout]    |         ^^^^ help: to match on the variant, qualify the path: `AppState::Wait`
[INFO] [stdout] 
[INFO] [stdout] 
[INFO] [stdout] warning: unreachable pattern
[INFO] [stdout]   --> src/main.rs:74:9
[INFO] [stdout]    |
[INFO] [stdout] 73 |         Wait => {}
[INFO] [stdout]    |         ---- matches any value
[INFO] [stdout] 74 |         _ => {
[INFO] [stdout]    |         ^ unreachable pattern
[INFO] [stdout] 
[INFO] [stdout] 
[INFO] [stdout] warning: unused variable: `Wait`
[INFO] [stdout]   --> src/main.rs:73:9
[INFO] [stdout]    |
[INFO] [stdout] 73 |         Wait => {}
[INFO] [stdout]    |         ^^^^ help: if this is intentional, prefix it with an underscore: `_Wait`
[INFO] [stdout] 
[INFO] [stdout] 
[INFO] [stdout] warning: variable does not need to be mutable
[INFO] [stdout]    --> src/main.rs:113:9
[INFO] [stdout]     |
[INFO] [stdout] 113 |     let mut item1 = Approval{
[INFO] [stdout]     |         ----^^^^^
[INFO] [stdout]     |         |
[INFO] [stdout]     |         help: remove this `mut`
[INFO] [stdout]     |
[INFO] [stdout]     = note: `#[warn(unused_mut)]` on by default
[INFO] [stdout] 
[INFO] [stdout] 
[INFO] [stdout] warning: variable does not need to be mutable
[INFO] [stdout]    --> src/main.rs:118:9
[INFO] [stdout]     |
[INFO] [stdout] 118 |     let mut item2 = Approval{
[INFO] [stdout]     |         ----^^^^^
[INFO] [stdout]     |         |
[INFO] [stdout]     |         help: remove this `mut`
[INFO] [stdout] 
[INFO] [stdout] 
[INFO] [stdout] warning: variable does not need to be mutable
[INFO] [stdout]    --> src/main.rs:113:9
[INFO] [stdout]     |
[INFO] [stdout] 113 |     let mut item1 = Approval{
[INFO] [stdout]     |         ----^^^^^
[INFO] [stdout]     |         |
[INFO] [stdout]     |         help: remove this `mut`
[INFO] [stdout]     |
[INFO] [stdout]     = note: `#[warn(unused_mut)]` on by default
[INFO] [stdout] 
[INFO] [stdout] 
[INFO] [stdout] warning: variable does not need to be mutable
[INFO] [stdout]    --> src/main.rs:118:9
[INFO] [stdout]     |
[INFO] [stdout] 118 |     let mut item2 = Approval{
[INFO] [stdout]     |         ----^^^^^
[INFO] [stdout]     |         |
[INFO] [stdout]     |         help: remove this `mut`
[INFO] [stdout] 
[INFO] [stdout] 
[INFO] [stdout] warning: type alias `IOE` is never used
[INFO] [stdout]  --> src/main.rs:3:6
[INFO] [stdout]   |
[INFO] [stdout] 3 | type IOE = fn(i32) -> i32;
[INFO] [stdout]   |      ^^^
[INFO] [stdout]   |
[INFO] [stdout]   = note: `#[warn(dead_code)]` on by default
[INFO] [stdout] 
[INFO] [stdout] 
[INFO] [stdout] warning: function `inc_by_one` is never used
[INFO] [stdout]  --> src/main.rs:4:4
[INFO] [stdout]   |
[INFO] [stdout] 4 | fn inc_by_one(x : i32) -> i32{
[INFO] [stdout]   |    ^^^^^^^^^^
[INFO] [stdout] 
[INFO] [stdout] 
[INFO] [stdout] warning: function `dec_by_one` is never used
[INFO] [stdout]  --> src/main.rs:7:4
[INFO] [stdout]   |
[INFO] [stdout] 7 | fn dec_by_one(x : i32) -> i32 {
[INFO] [stdout]   |    ^^^^^^^^^^
[INFO] [stdout] 
[INFO] [stdout] 
[INFO] [stdout] warning: function `heiger_func_1` is never used
[INFO] [stdout]   --> src/main.rs:10:4
[INFO] [stdout]    |
[INFO] [stdout] 10 | fn heiger_func_1(x : i32, f : IOE) -> i32{
[INFO] [stdout]    |    ^^^^^^^^^^^^^
[INFO] [stdout] 
[INFO] [stdout] 
[INFO] [stdout] warning: function `heiger_func_2` is never used
[INFO] [stdout]   --> src/main.rs:13:4
[INFO] [stdout]    |
[INFO] [stdout] 13 | fn heiger_func_2(x : i32, f : fn(i32) -> i32) -> i32{
[INFO] [stdout]    |    ^^^^^^^^^^^^^
[INFO] [stdout] 
[INFO] [stdout] 
[INFO] [stdout] warning: type alias `IOE` is never used
[INFO] [stdout]  --> src/main.rs:3:6
[INFO] [stdout]   |
[INFO] [stdout] 3 | type IOE = fn(i32) -> i32;
[INFO] [stdout]   |      ^^^
[INFO] [stdout]   |
[INFO] [stdout]   = note: `#[warn(dead_code)]` on by default
[INFO] [stdout] 
[INFO] [stdout] 
[INFO] [stdout] warning: function `process` is never used
[INFO] [stdout]   --> src/main.rs:16:4
[INFO] [stdout]    |
[INFO] [stdout] 16 | fn process(x : i32) -> i32{
[INFO] [stdout]    |    ^^^^^^^
[INFO] [stdout] 
[INFO] [stdout] 
[INFO] [stdout] warning: function `inc_by_one` is never used
[INFO] [stdout]  --> src/main.rs:4:4
[INFO] [stdout]   |
[INFO] [stdout] 4 | fn inc_by_one(x : i32) -> i32{
[INFO] [stdout]   |    ^^^^^^^^^^
[INFO] [stdout] 
[INFO] [stdout] 
[INFO] [stdout] warning: function `switch_hof` is never used
[INFO] [stdout]   --> src/main.rs:19:4
[INFO] [stdout]    |
[INFO] [stdout] 19 | fn switch_hof(x : i32) -> IOE {
[INFO] [stdout]    |    ^^^^^^^^^^
[INFO] [stdout] 
[INFO] [stdout] 
[INFO] [stdout] warning: function `dec_by_one` is never used
[INFO] [stdout]  --> src/main.rs:7:4
[INFO] [stdout]   |
[INFO] [stdout] 7 | fn dec_by_one(x : i32) -> i32 {
[INFO] [stdout]   |    ^^^^^^^^^^
[INFO] [stdout] 
[INFO] [stdout] 
[INFO] [stdout] warning: enum `AppState` is never used
[INFO] [stdout]   --> src/main.rs:26:6
[INFO] [stdout]    |
[INFO] [stdout] 26 | enum AppState{
[INFO] [stdout]    |      ^^^^^^^^
[INFO] [stdout] 
[INFO] [stdout] 
[INFO] [stdout] warning: function `heiger_func_1` is never used
[INFO] [stdout]   --> src/main.rs:10:4
[INFO] [stdout]    |
[INFO] [stdout] 10 | fn heiger_func_1(x : i32, f : IOE) -> i32{
[INFO] [stdout]    |    ^^^^^^^^^^^^^
[INFO] [stdout] 
[INFO] [stdout] 
[INFO] [stdout] warning: struct `Approval` is never constructed
[INFO] [stdout]   --> src/main.rs:31:8
[INFO] [stdout]    |
[INFO] [stdout] 31 | struct Approval {
[INFO] [stdout]    |        ^^^^^^^^
[INFO] [stdout] 
[INFO] [stdout] 
[INFO] [stdout] warning: function `heiger_func_2` is never used
[INFO] [stdout]   --> src/main.rs:13:4
[INFO] [stdout]    |
[INFO] [stdout] 13 | fn heiger_func_2(x : i32, f : fn(i32) -> i32) -> i32{
[INFO] [stdout]    |    ^^^^^^^^^^^^^
[INFO] [stdout] 
[INFO] [stdout] 
[INFO] [stdout] warning: type alias `APPROUTINE` is never used
[INFO] [stdout]   --> src/main.rs:36:6
[INFO] [stdout]    |
[INFO] [stdout] 36 | type APPROUTINE = fn(&mut Approval) -> bool;
[INFO] [stdout]    |      ^^^^^^^^^^
[INFO] [stdout] 
[INFO] [stdout] 
[INFO] [stdout] warning: function `process` is never used
[INFO] [stdout]   --> src/main.rs:16:4
[INFO] [stdout]    |
[INFO] [stdout] 16 | fn process(x : i32) -> i32{
[INFO] [stdout]    |    ^^^^^^^
[INFO] [stdout] 
[INFO] [stdout] 
[INFO] [stdout] warning: function `level_1` is never used
[INFO] [stdout]   --> src/main.rs:37:4
[INFO] [stdout]    |
[INFO] [stdout] 37 | fn level_1(item : &mut Approval) -> bool{
[INFO] [stdout]    |    ^^^^^^^
[INFO] [stdout] 
[INFO] [stdout] 
[INFO] [stdout] warning: function `switch_hof` is never used
[INFO] [stdout]   --> src/main.rs:19:4
[INFO] [stdout]    |
[INFO] [stdout] 19 | fn switch_hof(x : i32) -> IOE {
[INFO] [stdout]    |    ^^^^^^^^^^
[INFO] [stdout] 
[INFO] [stdout] 
[INFO] [stdout] warning: function `level_2` is never used
[INFO] [stdout]   --> src/main.rs:54:4
[INFO] [stdout]    |
[INFO] [stdout] 54 | fn level_2(item : &mut Approval) -> bool{
[INFO] [stdout]    |    ^^^^^^^
[INFO] [stdout] 
[INFO] [stdout] 
[INFO] [stdout] warning: enum `AppState` is never used
[INFO] [stdout]   --> src/main.rs:26:6
[INFO] [stdout]    |
[INFO] [stdout] 26 | enum AppState{
[INFO] [stdout]    |      ^^^^^^^^
[INFO] [stdout] 
[INFO] [stdout] 
[INFO] [stdout] warning: function `level_3` is never used
[INFO] [stdout]   --> src/main.rs:71:4
[INFO] [stdout]    |
[INFO] [stdout] 71 | fn level_3(item : &mut Approval) -> bool{
[INFO] [stdout]    |    ^^^^^^^
[INFO] [stdout] 
[INFO] [stdout] 
[INFO] [stdout] warning: struct `Approval` is never constructed
[INFO] [stdout]   --> src/main.rs:31:8
[INFO] [stdout]    |
[INFO] [stdout] 31 | struct Approval {
[INFO] [stdout]    |        ^^^^^^^^
[INFO] [stdout] 
[INFO] [stdout] 
[INFO] [stdout] warning: function `chain` is never used
[INFO] [stdout]   --> src/main.rs:82:4
[INFO] [stdout]    |
[INFO] [stdout] 82 | fn chain(mut item: Approval) -> Approval{
[INFO] [stdout]    |    ^^^^^
[INFO] [stdout] 
[INFO] [stdout] 
[INFO] [stdout] warning: function `main_exe15` is never used
[INFO] [stdout]   --> src/main.rs:97:4
[INFO] [stdout]    |
[INFO] [stdout] 97 | fn main_exe15(){
[INFO] [stdout]    |    ^^^^^^^^^^
[INFO] [stdout] 
[INFO] [stdout] 
[INFO] [stdout] warning: type alias `APPROUTINE` is never used
[INFO] [stdout]   --> src/main.rs:36:6
[INFO] [stdout]    |
[INFO] [stdout] 36 | type APPROUTINE = fn(&mut Approval) -> bool;
[INFO] [stdout]    |      ^^^^^^^^^^
[INFO] [stdout] 
[INFO] [stdout] 
[INFO] [stdout] warning: function `level_1` is never used
[INFO] [stdout]   --> src/main.rs:37:4
[INFO] [stdout]    |
[INFO] [stdout] 37 | fn level_1(item : &mut Approval) -> bool{
[INFO] [stdout]    |    ^^^^^^^
[INFO] [stdout] 
[INFO] [stdout] 
[INFO] [stdout] warning: associated function `new` is never used
[INFO] [stdout]    --> src/main.rs:132:8
[INFO] [stdout]     |
[INFO] [stdout] 131 | impl <T> Packing<T> {
[INFO] [stdout]     | ------------------- associated function in this implementation
[INFO] [stdout] 132 |     fn new(x : T) -> Packing<T>{
[INFO] [stdout]     |        ^^^
[INFO] [stdout] 
[INFO] [stdout] 
[INFO] [stdout] warning: function `level_2` is never used
[INFO] [stdout]   --> src/main.rs:54:4
[INFO] [stdout]    |
[INFO] [stdout] 54 | fn level_2(item : &mut Approval) -> bool{
[INFO] [stdout]    |    ^^^^^^^
[INFO] [stdout] 
[INFO] [stdout] 
[INFO] [stdout] warning: function `main_exe10` is never used
[INFO] [stdout]    --> src/main.rs:149:4
[INFO] [stdout]     |
[INFO] [stdout] 149 | fn main_exe10(){
[INFO] [stdout]     |    ^^^^^^^^^^
[INFO] [stdout] 
[INFO] [stdout] 
[INFO] [stdout] warning: function `level_3` is never used
[INFO] [stdout]   --> src/main.rs:71:4
[INFO] [stdout]    |
[INFO] [stdout] 71 | fn level_3(item : &mut Approval) -> bool{
[INFO] [stdout]    |    ^^^^^^^
[INFO] [stdout] 
[INFO] [stdout] 
[INFO] [stdout] warning: variable `Wait` should have a snake case name
[INFO] [stdout]   --> src/main.rs:39:9
[INFO] [stdout]    |
[INFO] [stdout] 39 |         Wait => {}
[INFO] [stdout]    |         ^^^^ help: convert the identifier to snake case (notice the capitalization): `wait`
[INFO] [stdout]    |
[INFO] [stdout]    = note: `#[warn(non_snake_case)]` on by default
[INFO] [stdout] 
[INFO] [stdout] 
[INFO] [stdout] warning: function `chain` is never used
[INFO] [stdout]   --> src/main.rs:82:4
[INFO] [stdout]    |
[INFO] [stdout] 82 | fn chain(mut item: Approval) -> Approval{
[INFO] [stdout]    |    ^^^^^
[INFO] [stdout] 
[INFO] [stdout] 
[INFO] [stdout] warning: function `main_exe15` is never used
[INFO] [stdout]   --> src/main.rs:97:4
[INFO] [stdout]    |
[INFO] [stdout] 97 | fn main_exe15(){
[INFO] [stdout]    |    ^^^^^^^^^^
[INFO] [stdout] 
[INFO] [stdout] 
[INFO] [stdout] warning: variable `Wait` should have a snake case name
[INFO] [stdout]   --> src/main.rs:56:9
[INFO] [stdout]    |
[INFO] [stdout] 56 |         Wait => {}
[INFO] [stdout]    |         ^^^^ help: convert the identifier to snake case (notice the capitalization): `wait`
[INFO] [stdout] 
[INFO] [stdout] 
[INFO] [stdout] warning: variable `Wait` should have a snake case name
[INFO] [stdout]   --> src/main.rs:73:9
[INFO] [stdout]    |
[INFO] [stdout] 73 |         Wait => {}
[INFO] [stdout]    |         ^^^^ help: convert the identifier to snake case (notice the capitalization): `wait`
[INFO] [stdout] 
[INFO] [stdout] 
[INFO] [stdout] warning: associated function `new` is never used
[INFO] [stdout]    --> src/main.rs:132:8
[INFO] [stdout]     |
[INFO] [stdout] 131 | impl <T> Packing<T> {
[INFO] [stdout]     | ------------------- associated function in this implementation
[INFO] [stdout] 132 |     fn new(x : T) -> Packing<T>{
[INFO] [stdout]     |        ^^^
[INFO] [stdout] 
[INFO] [stdout] 
[INFO] [stdout] warning: function `main_exe10` is never used
[INFO] [stdout]    --> src/main.rs:149:4
[INFO] [stdout]     |
[INFO] [stdout] 149 | fn main_exe10(){
[INFO] [stdout]     |    ^^^^^^^^^^
[INFO] [stdout] 
[INFO] [stdout] 
[INFO] [stdout] warning: variable `Wait` should have a snake case name
[INFO] [stdout]   --> src/main.rs:39:9
[INFO] [stdout]    |
[INFO] [stdout] 39 |         Wait => {}
[INFO] [stdout]    |         ^^^^ help: convert the identifier to snake case (notice the capitalization): `wait`
[INFO] [stdout]    |
[INFO] [stdout]    = note: `#[warn(non_snake_case)]` on by default
[INFO] [stdout] 
[INFO] [stdout] 
[INFO] [stdout] warning: variable `Wait` should have a snake case name
[INFO] [stdout]   --> src/main.rs:56:9
[INFO] [stdout]    |
[INFO] [stdout] 56 |         Wait => {}
[INFO] [stdout]    |         ^^^^ help: convert the identifier to snake case (notice the capitalization): `wait`
[INFO] [stdout] 
[INFO] [stdout] 
[INFO] [stdout] warning: variable `Wait` should have a snake case name
[INFO] [stdout]   --> src/main.rs:73:9
[INFO] [stdout]    |
[INFO] [stdout] 73 |         Wait => {}
[INFO] [stdout]    |         ^^^^ help: convert the identifier to snake case (notice the capitalization): `wait`
[INFO] [stdout] 
[INFO] [stdout] 
[INFO] [stdout] error: aborting due to 3 previous errors; 28 warnings emitted
[INFO] [stdout] 
[INFO] [stdout] 
[INFO] [stdout] For more information about this error, try `rustc --explain E0170`.
[INFO] [stdout] 
[INFO] [stdout] error: aborting due to 3 previous errors; 28 warnings emitted
[INFO] [stdout] 
[INFO] [stdout] 
[INFO] [stdout] For more information about this error, try `rustc --explain E0170`.
[INFO] [stdout] 
[INFO] [stderr] error: could not compile `rust_base` (bin "rust_base" test) due to 4 previous errors; 28 warnings emitted
[INFO] [stderr] warning: build failed, waiting for other jobs to finish...
[INFO] [stderr] error: could not compile `rust_base` (bin "rust_base") due to 4 previous errors; 28 warnings emitted
[INFO] running `Command { std: "docker" "inspect" "4af654f173cf9b60a95501461e7158b8ed84b48af962432bf7dc8636905882f3", kill_on_drop: false }`
[INFO] running `Command { std: "docker" "rm" "-f" "4af654f173cf9b60a95501461e7158b8ed84b48af962432bf7dc8636905882f3", kill_on_drop: false }`
[INFO] [stdout] 4af654f173cf9b60a95501461e7158b8ed84b48af962432bf7dc8636905882f3
